t. Let m(c) be the first derivative of z(c). Give m(-1).
8
Let h(c) = 34*c + 6. Let l(d) = d - 1. Let t(u) = -9*u + 1. Let j(p) = 2*l(p) + t(p). Let z(q) = -3*h(q) - 14*j(q). What is z(-3)?
8
Let l = 19 + -23. Let i(k) = k**2 + 6*k + 4. Give i(l).
-4
Let h(i) = -i + 11. Let w(q) be the third derivative of 7*q**5/60 + q**4/24 + 4*q**2. Let z be w(-1). Determine h(z).
5
Let t(l) = -4*l**3 - 2*l**2 + l + 3. Let g(k) = -5*k**3 - 2*k**2 + k + 4. Let p(f) = 5*g(f) - 6*t(f). Let z be 4 - (-3 + 9 + -4). Determine p(z).
0
Let q(h) = h**2 - 10*h + 3. Let v be q(10). Let s(c) = -v*c + 2*c**2 + 3*c**2 - 2*c - 4*c**2 - 3. What is s(5)?
-3
Let v(a) = 14*a**3 - 38*a**2 + 23*a + 35. Let l(m) = 5*m**3 - 13*m**2 + 8*m + 12. Let i(n) = 17*l(n) - 6*v(n). Calculate i(-7).
8
Let b(o) = -o**2 + 7*o - 6. Let z be b(5). Let c(a) = -31*a**2 - 6 + 13*a + 26*a**2 - 6*a + a**3. Give c(z).
6
Let c(m) = -m**3 - 4*m**2 + 5*m + 7. Let r(y) = -19*y + 1. Let w be r(-1). Suppose 5*f + 5*t = -w, -t = 2*f - 2*t + 11. Give c(f).
7
Let o(v) be the second derivative of v**5/20 - 5*v**4/12 + v**3/6 + 5*v**2/2 - 24*v. Determine o(5).
10
Let l(f) be the third derivative of -f**6/120 + f**5/10 - 5*f**4/24 - f**3/2 - 4*f**2. Suppose -5*x = x - 24. Calculate l(x).
9
Let p be (0 + 1)*0/(-2). Let d(c) be the third derivative of -2*c**2 - 1/24*c**4 - 1/6*c**3 + 0 + p*c. Give d(-4).
3
Suppose -21 = 6*d + 3. Let s(r) = r**3 + 3*r**2 - 4*r - 1. What is s(d)?
-1
Let g(i) = 2*i + 2*i - 18 + 19 - 3*i. Suppose -2 = y + b - 1, 3*y + 5*b + 7 = 0. Calculate g(y).
2
Let v(j) be the third derivative of 13*j**4/24 - 5*j**3/6 + 2*j**2. Let i(y) = 3*y - 1. Let u(s) = -9*i(s) + 2*v(s). Let n be (0/(-1))/((-8)/4). Determine u(n).
-1
Let f(m) = 4 - m - 5 + 9. Calculate f(7).
1
Let i(r) = -4*r + 2*r + 0*r + r - 2. Give i(-3).
1
Let t(z) be the first derivative of -1/4*z**4 + 5/3*z**3 - 2*z - 3/2*z**2 - 7. Suppose -2*s - 5*b + 1 = 0, 9 - 2 = 3*s + 2*b. Give t(s).
7
Let v(a) = -a**2 + 5. Let u = -16 + 8. Let g = -12 - -20. Let b = g + u. Determine v(b).
5
Let x(s) = -s**3 - 7*s**2 - 5*s + 6. Let w be 2 - (-1)/(3/(-24)). Calculate x(w).
0
Let y = 13 - 8. Let z be -2 + 0/(-3) + y. Let r(k) = k**3 - 6 + 3 + 2 - 3*k**2 - k. Determine r(z).
-4
Let s = 5 - 6. Let x(j) be the second derivative of -1/12*j**4 + 1/3*j**3 + 1/2*j**2 + 2*j + 0. Calculate x(s).
-2
Suppose -5 = n + 2*a, -3*a = -2*n - 5*a - 6. Let m(i) be the third derivative of 0 + 0*i + i**2 + 1/6*i**3 - 1/60*i**5 + 1/24*i**4. Give m(n).
-1
Let u(d) be the second derivative of 9*d**5/20 - d**4/6 - d**3/3 - d**2/2 - 2*d. Let o(c) = 3 + 3*c - 4*c + 1. Let q be o(5). What is u(q)?
-10
Let j(g) be the third derivative of -g**6/12 - g**5/60 + g**4/12 - g**3/6 - 11*g**2. Calculate j(1).
-10
Let o(s) be the second derivative of -s**3/6 - 9*s**2/2 + 4*s. Let f be o(-12). Let w(i) = -2 + 4 + i**3 - 2*i - 3*i - 2*i**2. What is w(f)?
-4
Let o(s) be the third derivative of s**6/120 + s**5/10 + s**4/6 + s**3/2 + 38*s**2. Determine o(-4).
19
Let l(i) be the third derivative of -i**5/60 - 5*i**4/24 + 7*i**3/6 - 6*i**2. Give l(-6).
1
Let a(t) be the second derivative of 0*t**3 - 1/4*t**4 - 1/240*t**6 - t - 1/120*t**5 + 0 + 0*t**2. Let f(h) be the third derivative of a(h). Calculate f(1).
-4
Suppose 2*q + 8 = -0*q - 2*t, 4*q - 3*t = -23. Let b be (q + 8)/(3/(-4)). Let v(c) = 2*c**2 - 3*c**2 - 8 - 5*c + 2. Give v(b).
-2
Let v(n) = -n - 7. Suppose -3*h - 20 = -8*h. Suppose 1 = -d - h*m - 6, d - 5*m - 2 = 0. What is v(d)?
-4
Let k(t) = t**2 - 7*t + 2. Suppose -21 = -3*d + 36. Suppose -3*z - 8 = 4*l - 21, 3*z + l = d. Determine k(z).
2
Let c = -55 + 59. Let x(s) be the second derivative of -2/3*s**3 - 1/2*s**2 - s + 0 + 1/6*s**c. Give x(3).
5
Let g(k) be the first derivative of -2*k**3/3 + k**2 - 3*k + 3. Suppose 3*x = -0*x + 6. Let t be (0/x)/2 + 2. Determine g(t).
-7
Suppose 8 + 12 = 5*a. Let y(x) = -1 - 2*x + x + a*x - x. Calculate y(-1).
-3
Let z(m) = 2*m**3 + 2*m**2 - 2*m + 2. Let o(i) = -2*i**3 - 2*i**2 + 2*i - 3. Let r(q) = -3*o(q) - 4*z(q). Suppose -3 + 1 = f. Determine r(f).
5
Suppose -6*t + 10 = -2. Let j(x) = -2*x**2 - 2*x - 3*x**3 + 3*x**3 + 4*x**3 - 2*x**3 + 2. What is j(t)?
6
Let r(n) be the third derivative of n**8/1120 - n**7/2520 - n**6/360 - n**5/120 - n**4/4 + 3*n**2. Let z(c) be the second derivative of r(c). Calculate z(-1).
-6
Let k(c) be the first derivative of c**3/3 + 6*c - 176. Let d be (-2)/4*0/1. Determine k(d).
6
Let a be -1 + -2*(-18)/4. Let q = 7 - a. Let h(v) = -6*v - 1. Let b be h(q). Let g(z) = 2*z - 5. Determine g(b).
5
Let a(h) be the first derivative of -h**4/12 + h**3/2 + 4*h**2 - 4*h + 4. Let u(g) be the first derivative of a(g). Calculate u(6).
-10
Let n(h) = -7*h - 4. Let x(t) = 8*t + 5. Let o(u) = -4*n(u) - 3*x(u). Calculate o(-1).
-3
Let i(k) = 5*k - 2*k**2 + 3 + 2*k**2 + k**2. Let o be i(-5). Let s(h) = -h + 1. Give s(o).
-2
Let s = -8 + 10. Let q(k) = -5*k**2 + k**2 - k**3 + 2*k + 3 + s*k**2. Give q(-3).
6
Let j be 2/8*4*-2. Let d(x) = -2 - 2 + 2*x + 6. What is d(j)?
-2
Let z(q) = -q**2 + q - 2. Let j be 8/(-60) + 94/30. Calculate z(j).
-8
Suppose 0 = 2*m + 2*g + 2 - 10, -m = -2*g + 11. Let n = -6 - m. Let t(d) = d + 7. Calculate t(n).
2
Let v(f) = f**3 + 4*f**2 - 6*f - 10. Let i be v(-5). Let p(k) = -k**3 - 6*k**2 - 8*k - 4. Determine p(i).
11
Let t be (-77)/(-22)*(2 + 0). Let y = -8 + t. Let a(b) = -9*b + 1. Calculate a(y).
10
Let i(c) = 1 + c**2 - 4*c + 3*c + 4*c**2 + c**3 - 4*c**2. Determine i(-2).
-1
Let c(f) be the second derivative of -2*f**3/3 + 5*f**2/2 - f. Let g(j) = j - 1. Let l(o) = -c(o) - 5*g(o). Give l(-6).
6
Let r(s) = -s**2 - 8*s - 7. Suppose -3*q = -q + 12. What is r(q)?
5
Let m(v) = 1. Let q(b) = -b**3 - 3*b**2 + 6*b + 8. Let l(p) = -3*m(p) + q(p). Suppose 2 = -3*z + 11. Suppose 7 + 5 = -z*t. What is l(t)?
-3
Let b(j) = -j**2 + 7*j - 6. Let l be 45/(-6)*4/(-5). Let t be b(l). Let g(s) = -s**3 - s**2 - 4. What is g(t)?
-4
Suppose -2*b - 4*n + 42 = 0, 4*n = -b + n + 20. Suppose -2 - 18 = 5*k + 5*q, -b = -3*k + 4*q. Let o(m) = -m + 1. Calculate o(k).
0
Let r(o) = -3*o. Let g(v) = -v**2 + 10*v - 7. Let b be g(9). Determine r(b).
-6
Let c be 6/(-1) + 3/3. Let n(w) = -w - 8. Give n(c).
-3
Let h(o) be the second derivative of 3*o - 1/3*o**4 + 0*o**3 + 1/2*o**2 + 0. Determine h(-1).
-3
Let c = 13 - 5. Suppose -t + 5*t - c = 0. Let k(a) = -4 - t*a**3 + a**3 + 3*a**2 - 3*a**3 + 5*a**3. What is k(-3)?
-4
Let m(p) = -6*p**2 - 50*p + 39. Let v(g) = g**2 + 10*g - 8. Let t(q) = 2*m(q) + 11*v(q). Calculate t(8).
6
Let a(m) be the first derivative of m**3/3 - 3*m**2/2 + 2*m + 8. Calculate a(5).
12
Let i(k) be the first derivative of -k**2/2 - 11*k + 3. Give i(8).
-19
Let u(d) = 2*d + 1 + 4*d + d**3 - 5*d - 2*d**2 - 4*d**2. Give u(5).
-19
Let w(b) = 6 - 5 + b + 9. What is w(-7)?
3
Let x be 2/9 - 48/(-27). Suppose -5*m - x*a + 2 = 2*a, 5*m = -a + 8. Let f(u) = 4*u**2 - u**3 - 3*u**m + 2 + 2*u**2 + 2*u. Give f(4).
-6
Let q(o) be the first derivative of o**3/3 + o**2/2 - 4*o - 3. Let u(x) be the first derivative of q(x). Suppose -v + 0*v + z = 7, -17 = 5*v + z. Give u(v).
-7
Let l(r) = -10*r + 3*r + 6*r + 1 - 8*r**2. Determine l(1).
-8
Let w be 12/4 - (0 + 3). Let b(a) = w*a + 9*a - 8*a - 1. Let r(m) = -m**2 + 2*m + 4. Let v be r(4). Determine b(v).
-5
Let m(g) be the second derivative of g**5/20 - 2*g**4/3 + 5*g**3/6 - 2*g**2 - 7*g. Determine m(7).
-18
Suppose 3*n = -4*m + 17, 2*n = n - 5. Let z = m + -3. Let f(g) = -g**3 + 5*g**2 - 3*g + 7. Determine f(z).
-8
Let x(w) = -5*w**3 + 26*w**2 + 25*w + 9. Let d(q) = -q**3 + 5*q**2 + 5*q + 2. Let n(f) = -11*d(f) + 2*x(f). Determine n(5).
21
Let j(c) = -2*c**2 + 2*c. Suppose -2*t + 5*q = 3*t - 15, 0 = t - 4*q - 6. What is j(t)?
-4
Let n(i) be the second derivative of i**3/6 + i**2 + 8*i. What is n(-2)?
0
Let u(g) be the third derivative of -g**6/120 + g**5/30 + g**4/8 + 2*g**3/3 - 6*g**2. What is u(3)?
4
Suppose b = 2 + 2. Let w(z) = -3*z + 5. Give w(b).
-7
Let n(z) = z - 1. Let r = 0 - -4. Let f = -17 + 24. Suppose 12 = r*u - f*u. What is n(u)?
-5
Let z(y) be the first derivative of 3*y - y**2 + 1/2*y**4 + 2 - 2/3*y**3. Determine z(2).
7
Let u be (48/(-15) + 4)*5. Let v(s) = -s**3 + 4*s**2 - 4. Calculate v(u).
-4
Let t(f) be the first derivative of -f**4/4 + f**3 + f**2/2 - f - 8. What 